900.
156
What is the greatest common divisor of 63 and 66087?
63
What is the highest common factor of 284835 and 3?
3
What is the greatest common divisor of 57377 and 12680?
317
Calculate the greatest common factor of 3807 and 15087.
141
Calculate the greatest common factor of 13671 and 11466.
441
What is the highest common divisor of 16830 and 60?
30
Calculate the greatest common divisor of 2337532 and 380.
76
Calculate the greatest common factor of 1150 and 11730.
230
Calculate the greatest common factor of 2527 and 1169.
7
Calculate the highest common factor of 18172 and 924.
308
What is the highest common divisor of 4611 and 434971?
1537
What is the highest common factor of 775169 and 92?
23
Calculate the greatest common factor of 230 and 30958.
46
Calculate the highest common factor of 8970621 and 22.
11
What is the highest common factor of 189 and 86400?
27
Calculate the greatest common factor of 39 and 28873.
13
What is the greatest common divisor of 157 and 2199727?
157
Calculate the greatest common factor of 10619289 and 27.
27
Calculate the highest common divisor of 872610 and 1020.
510
Calculate the greatest common divisor of 653 and 1234823.
653
Calculate the highest common divisor of 1041 and 1491753.
1041
What is the highest common factor of 1425 and 46569?
57
Calculate the highest common factor of 449647 and 3608.
451
What is the greatest common factor of 2157285 and 2775?
555
Calculate the highest common factor of 55 and 4865.
5
What is the greatest common divisor of 94448 and 64?
16
Calculate the highest common divisor of 109101 and 1107.
123
What is the greatest common factor of 38288 and 144?
16
What is the greatest common divisor of 10 and 2486130?
10
What is the highest common divisor of 969984 and 432?
144
What is the greatest common divisor of 176214 and 2451?
129
What is the greatest common factor of 4 and 83396?
4
What is the greatest common factor of 7580689 and 269?
269
Calculate the greatest common factor of 424193 and 1078.
539
Calculate the highest common divisor of 1228 and 13146968.
1228
Calculate the highest common divisor of 232 and 7616.
8
What is the highest common divisor of 517797 and 126?
63
Calculate the greatest common factor of 315 and 167195.
35
Calculate the greatest common divisor of 17435 and 990.
55
What is the greatest common factor of 65 and 392912?
13
Calculate the greatest common factor of 147956 and 3572.
188
What is the highest common factor of 81 and 1398?
3
Calculate the greatest common divisor of 154880 and 55.
55
Calculate the greatest common factor of 227 and 119402.
227
Calculate the highest common divisor of 8760 and 1212.
12
What is the greatest common divisor of 33812 and 2996?
428
Calculate the greatest common divisor of 112 and 217.
7
Calculate the highest common factor of 696 and 13369.
29
What is the highest common factor of 14605 and 1651?
127
Calculate the highest common factor of 781 and 560474.
71
Calculate the highest common divisor of 33 and 57541.
11
Calculate the highest common factor of 1856360 and 20.
20
Calculate the greatest common factor of 25525 and 25.
25
Calculate the greatest common factor of 27 and 12576.
3
What is the greatest common divisor of 1189 and 493?
29
What is the greatest common divisor of 524 and 4847?
131
Calculate the highest common factor of 482 and 575508.
482
Calculate the highest common divisor of 20 and 7655.
5
Calculate the greatest common divisor of 836 and 11308.
44
Calculate the highest common factor of 14056 and 3360.
56
What is the greatest common factor of 153 and 9511092?
153
Calculate the greatest common divisor of 13416 and 79404.
156
What is the greatest common divisor of 216 and 5517?
9
Calculate the greatest common divisor of 660 and 63525.
165
What is the greatest common divisor of 11651652 and 36?
36
What is the greatest common factor of 225682 and 304?
38
What is the greatest common divisor of 16914324 and 244?
244
Calculate the highest common factor of 17845 and 5160.
215
What is the greatest common factor of 190 and 1240510?
190
What is the greatest common divisor of 363 and 5016?
33
Calculate the greatest common factor of 84643 and 8619.
221
What is the greatest common factor of 69965 and 2590?
35
Calculate the highest common factor of 287 and 29561.
287
What is the greatest common factor of 6148199 and 713?
713
Calculate the greatest common divisor of 17010 and 20898.
486
What is the greatest common factor of 2635 and 2666?
31
Calculate the highest common divisor of 4171 and 39188.
97
What is the greatest common divisor of 520 and 298270?
10
What is the greatest common divisor of 418 and 1006278?
38
Calculate the highest common divisor of 59782 and 162506.
842
What is the greatest common factor of 1053 and 8853?
39
Calculate the greatest common factor of 1406 and 1575423.
703
What is the greatest common divisor of 8283 and 66?
33
Calculate the highest common divisor of 11913 and 114.
57
What is the highest common divisor of 138 and 11568954?
138
What is the greatest common divisor of 6 and 216786?
6
What is the greatest common divisor of 70604 and 38?
38
What is the greatest common factor of 73 and 6892733?
73
What is the highest common factor of 104804 and 19?
19
What is the greatest common factor of 30337 and 127943?
1319
What is the highest common factor of 657 and 19737?
9
What is the greatest common divisor of 424 and 16801?
53
What is the greatest common factor of 112 and 72448?
16
What is the highest common divisor of 598 and 1101424?
46
What is the greatest common divisor of 165 and 2519?
11
Calculate the highest common factor of 54044 and 81184.
236
What is the greatest common factor of 1159750 and 250?
250
What is the highest common divisor of 712 and 6764?
356
What is the highest common divisor of 1139 and 8777?
67
Calculate the greatest common divisor of 663 and 3672.
51
Calculate the greatest common factor of 186955 and 7645.
695
What is the highest common divisor of 174635 and 659?
659
Calculate the highest common divisor of 560 and 29360.
80
Calculate the highest common factor of 203125 and 5525.
325
What is the greatest common divisor of 6 and 18082?
2
Calculate the greatest common divisor of 7864 and 327339.
983
Calculate the highest common factor of 90807 and 60.
3
What is the highest common factor of 3519 and 18377?
391
What is the highest common divisor of 115728 and 48?
48
Calculate the greatest common factor of 1267299 and 1836.
459
Calculate the highest common factor of 459 and 16308.
27
Calculate the highest common divisor of 20664 and 1558.
82
What is the greatest common divisor of 52 and 101348?
52
What is the highest common divisor of 910 and 119938?
182
What is the greatest common factor of 45 and 13932?
9
What is the greatest common divisor of 5538 and 351?
39
What is the greatest common divisor of 459012 and 12?
12
Calculate the highest common factor of 1054 and 192814.
34
What is the highest common factor of 1182 and 9?
3
Calculate the greatest common divisor of 395 and 19592.
79
Calculate the highest common factor of 54425 and 50.
25
What is the greatest common divisor of 8893 and 13?
1
Calculate the highest common divisor of 510002 and 368.
46
What is the highest common divisor of 1817444 and 4?
4
What is the greatest common factor of 1928125 and 25?
25
What is the greatest common divisor of 14 and 1238?
2
Calculate the greatest common factor of 59186 and 707.
101
Calculate the highest common factor of 756614 and 697.
41
Calculate the highest common factor of 111 and 308136.
111
What is the highest common divisor of 2440 and 110105?
305
Calculate the highest common factor of 8637 and 150.
3
What is the highest common divisor of 462884 and 776?
388
What is the greatest common factor of 72698 and 28544?
446
What is the greatest common factor of 1792 and 10940160?
1792
What is the highest common factor of 36 and 179217?
9
What is the greatest common factor of 48392 and 7101?
263
What is the greatest common divisor of 39450 and 120?
30
Calculate the highest common factor of 1932 and 46092.
276
What is the highest common divisor of 129430 and 1806?
602
What is the highest common factor of 78270 and 390?
30
What is the highest common factor of 1596 and 327978?
798
What is the greatest common